+ y*m - 668 = 28*l, l - 2*m = 334. List the prime factors of l.
2, 167
Suppose 3*u = -c + 297, 0*u + 4*u + 2*c - 398 = 0. Suppose -91*i = -u*i + 413. What are the prime factors of i?
59
Let k(f) = -f**2 - f. Let z be k(-5). List the prime factors of (-2)/z + 2058/20.
103
Let j(l) = -l**3 + 11*l**2 - 8*l + 23. Let p be j(14). Let r = p + 1336. What are the prime factors of r?
659
Suppose 2*s - 4*k - 9938 = 0, -4*s + 3*s - 3*k + 4944 = 0. List the prime factors of s.
3, 19, 29
Let h(w) = 3*w**2 - 195*w - 8. List the prime factors of h(-13).
2, 37, 41
Suppose 3*i + 4*x + 72 = 0, 8*i - 4*x = 6*i - 28. What are the prime factors of -14 - i - (-153 - 0)?
3, 53
Let g(i) = 11*i**3 - 16*i**2 - i + 9. Let v be g(8). Suppose -4*m + 3087 = -v. Suppose m = 3*p + 10*p. List the prime factors of p.
2, 37
Suppose 0 = 2*m - 2*m - 2*m. Let s be 81/(-4)*(0 + m + 4). Let k = s + 84. What are the prime factors of k?
3
Let m(p) = 2746*p**2 - 9*p - 10. List the prime factors of m(-1).
3, 5, 61
Suppose 5*v + 4 = 5*c + 194, -2*c + 5*v - 73 = 0. List the prime factors of (-1089)/(-2) - c/26.
2, 3, 7, 13
Suppose 0 = a + 7*r - 11*r - 5097, -5 = 5*r. What are the prime factors of a?
11, 463
Let o be 57/2 + (-3)/6. Let r be ((-1005)/25)/(4/(-20)). Let b = o + r. What are the prime factors of b?
229
Suppose 16*w - 12*w - 40 = 0. Suppose -w*k + 9*k = -20. Let c = 90 + k. List the prime factors of c.
2, 5, 11
Suppose 4*m + 3*s = 16, -14*m + 11*m + 12 = 5*s. Suppose -m*y + 4420 = -4*v + 8*v, 5*y + 4*v - 5526 = 0. List the prime factors of y.
2, 7, 79
What are the prime factors of (-10358116)/(-798) - -2*5/(-105)?
2, 5, 11, 59
Let i(d) = 0*d**3 + 6*d**3 + 19*d - 14 - 5*d**3 + 21*d**2 + 0*d**3. Let o be i(-20). Suppose o*f = -5*f + 748. List the prime factors of f.
2, 17
Suppose 28*y = 25*y - 21. List the prime factors of ((-118)/(-10)*y)/(47/(-235)).
7, 59
Suppose -4*p = 5*d - 65, -5*p + 53 = 2*d + 10. Suppose 1509 = d*y - 696. What are the prime factors of y?
5, 7
Suppose 5*s - 197 = 2*s - k, 2*s + 3*k - 129 = 0. List the prime factors of 51492/s + 14/(-77).
2, 3, 5, 13
Let u(x) = -514*x - 1420. What are the prime factors of u(-26)?
2, 1493
Let p be (3 - 7 - -8) + 3. Suppose p*s + 15 + 20 = 0. What are the prime factors of 10/25 + 2/s + 99?
3, 11
Let u be (-345)/23 + (12 + 3)/(-3). List the prime factors of (-170 - 1)/(2*2/u).
3, 5, 19
Let s = -541 + 557. Let a(r) = 6*r**2 - r - 62. What are the prime factors of a(s)?
2, 3
Let x be 9/(-2)*80/(-180). Suppose x*y = -4*z + 766, 5*y = z + 2*z - 555. Suppose -3*h + z = -32. List the prime factors of h.
2, 37
Let s(o) = -90*o**2 - 1. Let x(u) = 361*u**2 + 4 - u - 6*u + u + 7*u. Let a(k) = -9*s(k) - 2*x(k). List the prime factors of a(1).
3, 29
Let t(k) be the first derivative of -77*k**2/2 + 10*k + 108. List the prime factors of t(-12).
2, 467
Suppose 2*o - 182840 + 24434 = -2*x, -10 = 5*x. What are the prime factors of o?
5, 7, 31, 73
Let t(f) = -16*f**2 + 2*f + 1. Let v be t(-1). Let y(b) = -13*b - 3. Let x be y(-3). Let p = v + x. What are the prime factors of p?
19
Suppose 249768 - 70192 = 4*w. List the prime factors of w.
2, 22447
Let o = -103 - -105. Let b be 13 - 2 - -3 - (o - 2). Suppose -2163 = -b*m + 161. What are the prime factors of m?
2, 83
Suppose -h - 5890 + 53773 = 2*h. List the prime factors of h.
11, 1451
Let s(d) = 100*d**2 + 64*d - 103*d**2 - 54*d + 8*d**3 - 2. List the prime factors of s(2).
2, 5, 7
Suppose 31 = 3*a - 95. Let h = 209 - a. Let l = -77 + h. What are the prime factors of l?
2, 3, 5
Suppose -v + 3*v - 1394 = 0. Suppose -2*j - 988 = 30*k - 28*k, 0 = -5*j + 3*k - 2486. Let b = v + j. What are the prime factors of b?
3, 67
Suppose -10*h - 4*n = -7*h - 2453, 5*h + n - 4077 = 0. List the prime factors of h.
5, 163
Let j(d) = 1 + 13*d**2 + 1612*d - 13 - 1599*d. List the prime factors of j(5).
2, 3, 7
Suppose 0 = 4*x + 5*b - 9, 0 = 2*x - 3*b + 5*b - 4. List the prime factors of x/(((-2)/2888)/((-2)/8)).
19
Let n = 60 + 57. Let i = n - 121. What are the prime factors of (6/i)/((-1)/(-66)*-3)?
3, 11
Let h be (-106)/(-6) + 8/(-12). Let o = h - -29. What are the prime factors of o?
2, 23
Suppose 54*i - 56*i + 6087018 = 257*i. What are the prime factors of i?
2, 3, 3917
Suppose -19*z = -4*z - 30750. Suppose z = 5*s + 5*f, 0 = 7*s - 2*s - 4*f - 2023. List the prime factors of s.
11, 37
Suppose -53*u - 12672 + 724672 = 72*u. What are the prime factors of u?
2, 89
Let g = 2800 + -867. List the prime factors of g.
1933
Let o = -847 + 433. List the prime factors of (o/(-161))/(-1 + 486/483).
2, 3, 23
Suppose -2723 = w + n - 13709, n + 32966 = 3*w. List the prime factors of w.
2, 41, 67
Let j be ((-28)/21)/(-1*1/(-153)). Let q = j - -353. List the prime factors of q.
149
Let g(q) = -290*q + 68. Let t be g(-6). Suppose -m = 4*c - 2406, 2*c + m - t = -606. List the prime factors of c.
2, 7, 43
Suppose 27135 = k + 2*a, -334*k - 3*a - 108485 = -338*k. List the prime factors of k.
5, 7, 31
Let v(r) be the third derivative of r**6/120 + r**5/5 - 7*r**4/24 + 2*r**3/3 + 19*r**2. What are the prime factors of v(-10)?
2, 137
Let y = 3031 + 53133. What are the prime factors of y?
2, 19, 739
What are the prime factors of 6452 + ((-88)/(-11) - 4)?
2, 3, 269
Suppose 0 = 4*j + 2*k - 99694, -15834 + 65690 = 2*j + 4*k. List the prime factors of j.
2, 17, 733
Suppose -5*g - 6586 = -2*o, -3290 = -o - 4*g + 8*g. List the prime factors of o.
2, 17, 97
Let s(g) = -4*g**2 - 5*g - 7. Let y be s(4). Let z = 95 + y. Suppose 2*v - 18 = -z. List the prime factors of v.
7
Suppose -7*f = 3*f. Suppose 4565 = -f*o + 11*o. What are the prime factors of o?
5, 83
Suppose 15*d - 45682 = 12*d - 5*t, 3*d - 7*t - 45586 = 0. What are the prime factors of d?
2, 7607
Let f = 43 - 39. Suppose -a + o - 2 = 2*o, -f*a = o - 4. Suppose -5*i = -a*x - 565 - 194, 5*i - 4*x - 753 = 0. List the prime factors of i.
3, 17
Let v = -2445 + 5146. List the prime factors of v.
37, 73
Let z = 9441 - 6127. List the prime factors of z.
2, 1657
Suppose 4*u - 3*k - 13807 = 0, -k = -7*u + 2*u + 17245. What are the prime factors of u?
2, 431
Suppose -263450 = -309*m + 259*m. List the prime factors of m.
11, 479
What are the prime factors of (-7 + 55/(-10))*(10 - 216)?
5, 103
Suppose h - 12 = -4*u - 5, -2*u = -2*h + 14. Let j(l) = 14*l - 38. Let v(x) = -27*x + 74. Let o(a) = -5*j(a) - 3*v(a). List the prime factors of o(h).
3, 5
Let w be (880/(-33))/((-2)/3). Let h be (-7 + 312/w)/(2/(-765)). Let u = 472 + h. What are the prime factors of u?
2, 83
Suppose 2*x - 4372 - 560 = 0. Suppose x = 5*q + 1. List the prime factors of q.
17, 29
Suppose 2*y - 2100 = -5*y. Let h be y/((-6)/3) - (-1 + -1). Let j = h + 297. What are the prime factors of j?
149
Let k(f) = 5*f**2 - 21*f + 25. Suppose -6*j + j + 55 = 0. Let o be k(j). Suppose o = -102*g + 105*g. What are the prime factors of g?
7, 19
Suppose 0 = -52*o + 51*o + 6423. What are the prime factors of o?
3, 2141
Let h(r) = r**3 - r**2 + r + 3126. Let l be h(0). Let q = -1751 + l. List the prime factors of q.
5, 11
List the prime factors of (33 + -35)*(22594/(-4) + -2).
3, 3767
What are the prime factors of 6/(-21) - 33/(2541/(-2305325))?
7, 13, 47
Suppose 7*f = -16*f + 40*f - 348398. List the prime factors of f.
2, 10247
Let m = 74385 - 21028. List the prime factors of m.
229, 233
Let c(x) = -2*x - 40. Let o be c(-21). Suppose -4*h = 4*z - 1524, -o*z + 4*h = -177 - 615. What are the prime factors of z?
2, 193
Let k = -615 - -326. Let g = -59 - k. What are the prime factors of g?
2, 5, 23
Let z(c) = -214*c**2 + 432*c**2 + 29 - 209*c**2 + 38*c - 7*c. What are the prime factors of z(-13)?
31, 37
Let v = 29042 + 7516. What are the prime factors of v?
2, 3, 677
Let c be -132 + 5 + (5 - 1). Let q(o) = o**2 + 11*o - 7. Let k be q(-10). Let t = k - c. List the prime factors of t.
2, 53
Suppose 0 = 2*a - a - 18. Suppose -38*x = 4*o - 37*x - 567, 2*x = -o + 147. Suppose -2 = -5*s + a, 2*s = d - o. What are the prime factors of d?
149
Let x = -599 + 1376. Let u = x - 98. List the prime factors of u.
7, 97
Let f = -7 - -13. Suppose -2*c = 2*l - 4*c + 2, -2*c + f = -l. Suppose 287 = l*z + 43. What are the prime factors of z?
61
Suppose -c = -6*c. Suppose -3*m - 24 = y - 119, 4*y - 4*m = 460. Suppose -182 = -a + 2*n, c = a + 2*n - 56 - y. What are t